 11*i + 2. What is the tens digit of t(20)?
8
Let r = 3022 - 1125. What is the thousands digit of r?
1
Let a = -11 + 16. Suppose -t + a - 8 = 0. What is the units digit of t/(-2*3/10)?
5
Suppose 6*k - 5*k - 1992 = 5*q, 0 = 3*k - 3*q - 5952. What is the hundreds digit of k?
9
Suppose 290959 = 80*p - 93201. What is the hundreds digit of p?
8
Let y(o) = 16*o - 19. Let t(n) = 3*n - 4. Let a(c) = 11*t(c) - 2*y(c). Let v be a(8). Suppose 5*x = s + 58, v*x + 2*s - 6 - 22 = 0. What is the tens digit of x?
1
Let k = 32 - -44. What is the tens digit of k?
7
Suppose 3*j = s - 164, 5*j + 70 = -5*s - 190. Let g = j - -73. What is the units digit of g?
9
Suppose x - 249 = -b, -5*b - 3*x + 1237 = -2*x. What is the hundreds digit of b?
2
Let m = -4303 + 6809. What is the units digit of m?
6
Suppose -4*f = -2*p - 12, 10 = -5*p - 0*p. What is the units digit of 2 + ((-420)/(-8) - 3/f)?
3
Suppose -4*m - 4*i - 2 = -9*i, -3*m + 2*i + 2 = 0. Suppose m*t + 4*k = -4 + 16, -t = -5*k + 8. Suppose t*y - 54 = -0*y. What is the tens digit of y?
2
Suppose 0 = -5*v + 4*a + 10, -10 = -v - 3*a + 11. What is the tens digit of 6*56/v + 4?
6
Let k = -4 - -22. Let s = k + -18. Suppose -5*r + 3*r + 72 = s. What is the units digit of r?
6
Let o(c) = c**2 + 21*c + 2389. What is the thousands digit of o(0)?
2
Suppose 2*g - 844 = -3*f, -2*f - 3*g - 864 = -5*f. What is the tens digit of f?
8
Suppose 5467 = 59*k - 57*k + n, -5*k + n = -13685. What is the hundreds digit of k?
7
Let u(k) = -296*k + 74. What is the units digit of u(-3)?
2
Suppose t + 0*t - 255 = -5*w, -8 = -4*w. Suppose -83 = 3*l - t. What is the tens digit of l?
5
Let t = -248 + 256. What is the units digit of t?
8
Let u(j) = -j**2 - 2*j + 3. Let k be u(-3). Suppose k*c - 4*c + 476 = 0. What is the tens digit of c?
1
Let n(h) = 11*h**2 + h - 2. Let t be n(1). Let j = t - -11. What is the units digit of 3/j - 1855/(-49)?
8
Suppose -3*u = 5*y - 3124, 1337 = 4*y + 5*u - 1157. What is the units digit of y?
6
Let n(d) = d**2 - 4*d + 4. Let r be n(4). Suppose 0 = -a - 3*a - 16. Let x = r - a. What is the units digit of x?
8
Let m(u) be the third derivative of 0 - 1/4*u**4 + 7/60*u**5 - 4/3*u**3 + 1/120*u**6 + 0*u - 5*u**2. What is the units digit of m(-7)?
4
What is the hundreds digit of ((-304)/(-12) - -4)/(4/66)?
4
Let d = 11 - 11. Suppose -q + 5*u - 56 = 3*q, 5*u + 20 = d. What is the units digit of (q/(-4))/((-2)/(-8))?
9
Let z(w) = 53*w - 289. What is the tens digit of z(6)?
2
Let s be (-3 - -3)/(-5) - -3. Suppose -s*k + 52 = -116. What is the tens digit of k?
5
Let p be (1 + 5 + -1)*1. Suppose -m = -p + 1. What is the tens digit of 0 + m*(-2 - -9)?
2
Let n(k) = k**3 + 17*k**2 + 31*k - 19. What is the hundreds digit of n(-12)?
3
Let k = 88 + -65. Suppose 3*o + q + 2 = 6, -4*q - k = -o. What is the units digit of o?
3
Let k be 636/9 - (-8)/6. Suppose 3*y - k = y + 2*i, 3*i - 15 = 0. What is the tens digit of y?
4
Let d(n) = n**3 - 19*n**2 + 2*n - 30. What is the units digit of d(19)?
8
Let r = 444 - 11. Let f = -281 + r. What is the tens digit of f?
5
Let t(h) = -7*h + 432. What is the units digit of t(14)?
4
Suppose 2*i = -0*r + 4*r + 930, 3*i - r - 1420 = 0. What is the tens digit of i?
7
Let x be (-34 - -1)*6/(-18). Suppose x*v - 12*v = -4. Suppose 74 = -v*p + 266. What is the units digit of p?
8
Suppose 0 = 4*j + 3*v - 1864, -5*v = -2*j - 0*j + 958. Suppose -j = -w - 6*w. What is the tens digit of w?
6
Let f(h) be the second derivative of -h**3/3 + 7*h**2 - 2*h. What is the units digit of f(-11)?
6
Suppose 0 = 11*a + 3641 - 10175. What is the units digit of a?
4
What is the hundreds digit of 2 + (-27814)/(-6) - (-34)/102?
6
Suppose 5*y + v + 103 = 0, 5*y = 4*y - 3*v - 29. What is the units digit of (4/3)/(y/(-30))?
2
Let j(d) = -26*d - 15. Let r(q) = -9*q - 5. Let i(y) = -9*y - 5. Let f(s) = 2*i(s) - 3*r(s). Let c(k) = 11*f(k) + 4*j(k). What is the tens digit of c(-6)?
2
What is the hundreds digit of (0 + -50)*(-14 - (3 - 6))?
5
Suppose 2*w + 8*u - 7*u = 9351, 5*u = 2*w - 9357. What is the hundreds digit of w?
6
Suppose 35*r = 57022 + 20643. What is the thousands digit of r?
2
Let i(o) = -o**3 + o**2 - o + 1. Let c be i(0). Let j(a) = a**3 - c - 7*a - 16*a**2 - 16 - 5*a. What is the tens digit of j(17)?
6
Suppose -4*v + 5*q = -77, 2*q = -8*v + 3*v + 55. Let x = 16 - v. What is the units digit of (x/2)/(15/100)?
0
Let u = 2197 - 975. What is the tens digit of u?
2
Let a(x) = -729*x**3 + x**2 - x - 1. What is the units digit of a(-1)?
0
Let z(q) = -325*q + 146. What is the hundreds digit of z(-3)?
1
Let p = -1718 - -2912. What is the units digit of p?
4
Suppose -4*q + 2 = -3*j - 19, 4*q - 15 = j. Suppose b = q*b - m - 253, -4*m = b - 131. What is the units digit of b?
7
Suppose 4*m - 2*b = 2346, 3*m - b - 636 - 1121 = 0. Suppose 0 = 5*t - m - 81. What is the hundreds digit of t?
1
Let x(z) = -10*z - 5. Let v be x(-1). Suppose -f - 4*k + 21 = 0, -v*f = -k - 156 + 30. What is the tens digit of f?
2
Let b(y) = 3*y. Suppose -5*x - 1 = -w + 13, 0 = -3*w - 2*x + 8. Suppose w*r = 0, u - 5*r - 7 = 1. What is the units digit of b(u)?
4
Let m = -100 + 165. Suppose 2*o - m = -3*o. Let z(q) = 5*q + 18. What is the tens digit of z(o)?
8
Suppose 0 = -o + 2, -3*o - o = -2*g - 14. Let c(z) = z**2 + 6*z - 3. Let l be c(g). Let i = 27 + l. What is the units digit of i?
5
Let g(u) = -5*u**3 - 3*u**2 - 3*u + 2. Let b be (-8)/3 + 1/(-3). What is the hundreds digit of g(b)?
1
Let d(u) = 8*u - 12. Let p = 19 + -12. What is the units digit of d(p)?
4
Suppose -3*q = 2*q - 20. Suppose -q*i = -2*h - 274, -5*i + 282 = 2*h - 56. Suppose -i = 3*y - 7*y. What is the units digit of y?
7
Let g(y) = -2*y**3 + 22*y**2 + 9*y. Let x be g(11). Let o = x + -66. What is the tens digit of o?
3
Let s be -1*(-12)/(-4) - -2. What is the units digit of (-1)/(s*2/146)?
3
Let i = -1453 - -2375. What is the hundreds digit of i?
9
Let f be 66*(50/15 - 3). Let y = 47 - f. What is the units digit of y?
5
Let u(i) = 85*i - 53. What is the hundreds digit of u(7)?
5
Let z be (-5)/(-15) + (-2)/6. Suppose z = -4*m + 14 + 6. What is the units digit of m?
5
Suppose 7*l + 20 = -1, n - l - 829 = 0. What is the units digit of n?
6
Suppose -4*z + 4*n = -1864, -17*z - 4*n + 1384 = -14*z. What is the tens digit of z?
6
Let j be (6/4)/((-2)/24). What is the units digit of 9/(j/4) + 12?
0
Suppose -30*w + 32*w = 2080. What is the hundreds digit of w?
0
Suppose 5*k + 6*k - 5632 = 0. What is the hundreds digit of k?
5
Let p(b) = 73*b**2 + 2*b + 1. Let w be p(-1). Suppose 3*r = r + 3*y + 36, -4*r - 2*y = -w. Let f = 5 + r. What is the units digit of f?
3
Let k(r) be the first derivative of -19*r**2/2 - r + 5. What is the tens digit of k(-4)?
7
Suppose a = -0*a + 23. Suppose 27*u - 4 = a*u. What is the units digit of u?
1
Suppose 1568*r - 1281 = 1567*r. What is the units digit of r?
1
Let d be (-20)/(-11) - (-14)/77. Suppose 0 = -i - 4*k + 8, d*k - 34 = -4*i - 2. Suppose 4*a + 3*y - 16 = 0, 2*a - 3*y = i - 0. What is the units digit of a?
4
Suppose -11*k + 9*k = -128. Let p = 100 - k. What is the tens digit of p?
3
Let l(d) = 4 - 2 + 11 - d. Let v be (-6)/(-24) + 14/8 + -2. What is the tens digit of l(v)?
1
Suppose y - 3 = 4*r, 0*r = -r + 5*y - 15. Suppose -4*u - 289 = -2*w - 5, r = 4*w + 5*u - 594. What is the units digit of w?
6
Suppose -54*o + 1170 = -15*o. What is the tens digit of o?
3
Suppose 9*u - 24 = 5*u. What is the units digit of (6 - (1 + 2))*u?
8
Let b = -990 + 1834. What is the hundreds digit of b?
8
Let c(g) = 2*g**2 + 6*g + 7. Let o be c(-4). Suppose 0 = 3*y - 0 - o. Suppose 3*i + 0*s - 18 = -2*s, y*s + 47 = 4*i. What is the units digit of i?
8
Let j = -17 + 20. Suppose j*z + z = 36. Suppose -z*g + 60 = -5*g. What is the units digit of g?
5
Let a = -22 + 146. What is the hundreds digit of a?
1
Let u(r) = -310*r**3 + 3*r**2 + 5*r + 3. What is the tens digit of u(-1)?
1
Suppose -2*g + 486 = 4*b, -b + 68 = 3*g - 46. What is the tens digit of b?
2
Suppose 0*m - 9*m = -2601. What is the tens digit of m?
8
What is the units digit of ((-471016)/312)/(2/(-6))?
9
Suppose -25 = -2*z - 3*z. Let w(j) = 2*j. Let p be w(2). Suppose -p*a - 45 = -z*a. What is the tens digit of a?
4
Let f(w) = -w**2 + 2*w - 1. Let z be f(1). Let g(v) = -6 + z*v + 5*v + 15 - 2*v. What is the units digit o